{"id":1613,"date":"2024-02-13T11:53:58","date_gmt":"2024-02-13T10:53:58","guid":{"rendered":"https:\/\/www.hermandadrosarioburguillos.es\/nueva\/?page_id=1613"},"modified":"2024-02-13T20:24:53","modified_gmt":"2024-02-13T19:24:53","slug":"la-casa-hermandad","status":"publish","type":"page","link":"https:\/\/www.hermandadrosarioburguillos.es\/index.php\/la-casa-hermandad\/","title":{"rendered":"La Casa Hermandad"},"content":{"rendered":"\n<figure class=\"wp-block-image alignleft size-large\"><img decoding=\"async\" src=\"https:\/\/www.hermandadrosarioburguillos.es\/wp-content\/uploads\/2024\/02\/image_123650291-169x300.jpg\" alt=\"\"\/><\/figure>\n\n\n\n<p>La construcci\u00f3n de una Casa Hermandad hab\u00eda constituido durante las \u00faltimas d\u00e9cadas un permanente anhelo en el seno de nuestra Corporaci\u00f3n. Tras conseguir la cesi\u00f3n por parte del Ayuntamiento de Burguillos de un solar en la calle Virgen de la Fuentecilla, el 1 de junio de 2003, enmarcada por la Procesi\u00f3n Extraordinaria conmemorativa del A\u00f1o del Rosario, se celebr\u00f3 la Ceremonia de colocaci\u00f3n de la primera piedra de la futura Casa Hermandad, en presencia de la Imagen de la Patrona y con la asistencia de todos los hermanos mayores vivos en ese momento. Desde ese d\u00eda se inici\u00f3 un largo camino en el que, poco a poco, la construcci\u00f3n fue avanzando a un ritmo lento, marcado por el gran acontecimiento de la Coronaci\u00f3n Can\u00f3nica de la Virgen, anunciada por S.E.R. Fray Carlos Amigo Vallejo en 2004 y consumada en 2009. A pesar de centrar todos los esfuerzos en los fastos de la Coronaci\u00f3n, en diciembre de 2009, cuando concluye la etapa de N.H.D. Miguel Vel\u00e1zquez Prieto, est\u00e1n realizadas la cimentaci\u00f3n, la loza y la cubierta de hormig\u00f3n y cerrada con muros la totalidad de la edificaci\u00f3n. El siguiente Hermano Mayor, D. F\u00e9lix P\u00e9rez Godoy, concluye el campanario, el tejado, las tres fachadas con que cuenta la casa y acomete en el interior los servicios y un par de cuartos para oficina y almac\u00e9n. Finalmente, la terminaci\u00f3n total del interior, incluyendo el revestimiento de los muros, la iluminaci\u00f3n y decoraci\u00f3n de las distintas estancias y la realizaci\u00f3n de los armarios y cajoneras para nuestros enseres se lleva a cabo bajo el mandato de N.H.D. Antonio Fern\u00e1ndez Sol\u00eds, procedi\u00e9ndose a la bendici\u00f3n de la Cas Hermandad el viernes 7 de octubre de 2016, en el transcurso de la Procesi\u00f3n de la Noche y ante nuestra Bendita Imagen Titular.<\/p>\n\n\n\n<p>El proyecto corri\u00f3 a cargo del arquitecto alcalare\u00f1o D. Gregorio Vel\u00e1zquez y de la direcci\u00f3n de obra se ha encargado desde el comienzo hasta el final N.H.D. Abelardo Gutierrez Rosa, miembro de la Junta de Gobierno en todos los a\u00f1os que ha durado la construcci\u00f3n.<\/p>\n\n\n\n<p>Hoy podemos decir con orgullo que lo que algunos vieron casi imposible es una hermosa realidad, gracias al esfuerzo y dedicaci\u00f3n de muchos hermanos, y que nuestra Casa Hermandad cumple perfectamente el doble objetivo con el que fue ideada: servir de guarda y custodia del patrimonio existente a nivel de enseres y fomentar y encauzar la vida diaria de la Corporaci\u00f3n, favoreciendo el contacto y la convivencia entre sus miembros.<\/p>\n\n\n\n<figure class=\"wp-block-gallery has-nested-images columns-default is-cropped wp-block-gallery-1 is-layout-flex wp-block-gallery-is-layout-flex\">\n<figure data-wp-context=\"{&quot;uploadedSrc&quot;:&quot;https:\\\/\\\/www.hermandadrosarioburguillos.es\\\/wp-content\\\/uploads\\\/2024\\\/02\\\/image_123650291_1-1024x590.jpg&quot;,&quot;figureClassNames&quot;:&quot;wp-block-image size-large&quot;,&quot;figureStyles&quot;:null,&quot;imgClassNames&quot;:null,&quot;imgStyles&quot;:null,&quot;targetWidth&quot;:&quot;none&quot;,&quot;targetHeight&quot;:&quot;none&quot;,&quot;scaleAttr&quot;:false,&quot;ariaLabel&quot;:&quot;Ampliar la imagen&quot;,&quot;alt&quot;:&quot;&quot;}\" data-wp-interactive=\"core\/image\" class=\"wp-block-image size-large wp-lightbox-container\"><img decoding=\"async\" data-wp-init=\"callbacks.setButtonStyles\" data-wp-on-async--click=\"actions.showLightbox\" data-wp-on-async--load=\"callbacks.setButtonStyles\" data-wp-on-async-window--resize=\"callbacks.setButtonStyles\" src=\"https:\/\/www.hermandadrosarioburguillos.es\/wp-content\/uploads\/2024\/02\/image_123650291_1-1024x590.jpg\" alt=\"\"\/><button\n\t\t\tclass=\"lightbox-trigger\"\n\t\t\ttype=\"button\"\n\t\t\taria-haspopup=\"dialog\"\n\t\t\taria-label=\"Ampliar la imagen\"\n\t\t\tdata-wp-init=\"callbacks.initTriggerButton\"\n\t\t\tdata-wp-on-async--click=\"actions.showLightbox\"\n\t\t\tdata-wp-style--right=\"context.imageButtonRight\"\n\t\t\tdata-wp-style--top=\"context.imageButtonTop\"\n\t\t>\n\t\t\t<svg xmlns=\"http:\/\/www.w3.org\/2000\/svg\" width=\"12\" height=\"12\" fill=\"none\" viewBox=\"0 0 12 12\">\n\t\t\t\t<path fill=\"#fff\" d=\"M2 0a2 2 0 0 0-2 2v2h1.5V2a.5.5 0 0 1 .5-.5h2V0H2Zm2 10.5H2a.5.5 0 0 1-.5-.5V8H0v2a2 2 0 0 0 2 2h2v-1.5ZM8 12v-1.5h2a.5.5 0 0 0 .5-.5V8H12v2a2 2 0 0 1-2 2H8Zm2-12a2 2 0 0 1 2 2v2h-1.5V2a.5.5 0 0 0-.5-.5H8V0h2Z\" \/>\n\t\t\t<\/svg>\n\t\t<\/button><\/figure>\n\n\n\n<figure data-wp-context=\"{&quot;uploadedSrc&quot;:&quot;https:\\\/\\\/www.hermandadrosarioburguillos.es\\\/wp-content\\\/uploads\\\/2024\\\/02\\\/image_123650291_2-1024x768.jpg&quot;,&quot;figureClassNames&quot;:&quot;wp-block-image size-large&quot;,&quot;figureStyles&quot;:null,&quot;imgClassNames&quot;:null,&quot;imgStyles&quot;:null,&quot;targetWidth&quot;:&quot;none&quot;,&quot;targetHeight&quot;:&quot;none&quot;,&quot;scaleAttr&quot;:false,&quot;ariaLabel&quot;:&quot;Ampliar la imagen&quot;,&quot;alt&quot;:&quot;&quot;}\" data-wp-interactive=\"core\/image\" class=\"wp-block-image size-large wp-lightbox-container\"><img decoding=\"async\" data-wp-init=\"callbacks.setButtonStyles\" data-wp-on-async--click=\"actions.showLightbox\" data-wp-on-async--load=\"callbacks.setButtonStyles\" data-wp-on-async-window--resize=\"callbacks.setButtonStyles\" src=\"https:\/\/www.hermandadrosarioburguillos.es\/wp-content\/uploads\/2024\/02\/image_123650291_2-1024x768.jpg\" alt=\"\"\/><button\n\t\t\tclass=\"lightbox-trigger\"\n\t\t\ttype=\"button\"\n\t\t\taria-haspopup=\"dialog\"\n\t\t\taria-label=\"Ampliar la imagen\"\n\t\t\tdata-wp-init=\"callbacks.initTriggerButton\"\n\t\t\tdata-wp-on-async--click=\"actions.showLightbox\"\n\t\t\tdata-wp-style--right=\"context.imageButtonRight\"\n\t\t\tdata-wp-style--top=\"context.imageButtonTop\"\n\t\t>\n\t\t\t<svg xmlns=\"http:\/\/www.w3.org\/2000\/svg\" width=\"12\" height=\"12\" fill=\"none\" viewBox=\"0 0 12 12\">\n\t\t\t\t<path fill=\"#fff\" d=\"M2 0a2 2 0 0 0-2 2v2h1.5V2a.5.5 0 0 1 .5-.5h2V0H2Zm2 10.5H2a.5.5 0 0 1-.5-.5V8H0v2a2 2 0 0 0 2 2h2v-1.5ZM8 12v-1.5h2a.5.5 0 0 0 .5-.5V8H12v2a2 2 0 0 1-2 2H8Zm2-12a2 2 0 0 1 2 2v2h-1.5V2a.5.5 0 0 0-.5-.5H8V0h2Z\" \/>\n\t\t\t<\/svg>\n\t\t<\/button><\/figure>\n\n\n\n<figure data-wp-context=\"{&quot;uploadedSrc&quot;:&quot;https:\\\/\\\/www.hermandadrosarioburguillos.es\\\/wp-content\\\/uploads\\\/2024\\\/02\\\/image_123650291_3-1024x683.jpg&quot;,&quot;figureClassNames&quot;:&quot;wp-block-image size-large&quot;,&quot;figureStyles&quot;:null,&quot;imgClassNames&quot;:null,&quot;imgStyles&quot;:null,&quot;targetWidth&quot;:&quot;none&quot;,&quot;targetHeight&quot;:&quot;none&quot;,&quot;scaleAttr&quot;:false,&quot;ariaLabel&quot;:&quot;Ampliar la imagen&quot;,&quot;alt&quot;:&quot;&quot;}\" data-wp-interactive=\"core\/image\" class=\"wp-block-image size-large wp-lightbox-container\"><img decoding=\"async\" data-wp-init=\"callbacks.setButtonStyles\" data-wp-on-async--click=\"actions.showLightbox\" data-wp-on-async--load=\"callbacks.setButtonStyles\" data-wp-on-async-window--resize=\"callbacks.setButtonStyles\" src=\"https:\/\/www.hermandadrosarioburguillos.es\/wp-content\/uploads\/2024\/02\/image_123650291_3-1024x683.jpg\" alt=\"\"\/><button\n\t\t\tclass=\"lightbox-trigger\"\n\t\t\ttype=\"button\"\n\t\t\taria-haspopup=\"dialog\"\n\t\t\taria-label=\"Ampliar la imagen\"\n\t\t\tdata-wp-init=\"callbacks.initTriggerButton\"\n\t\t\tdata-wp-on-async--click=\"actions.showLightbox\"\n\t\t\tdata-wp-style--right=\"context.imageButtonRight\"\n\t\t\tdata-wp-style--top=\"context.imageButtonTop\"\n\t\t>\n\t\t\t<svg xmlns=\"http:\/\/www.w3.org\/2000\/svg\" width=\"12\" height=\"12\" fill=\"none\" viewBox=\"0 0 12 12\">\n\t\t\t\t<path fill=\"#fff\" d=\"M2 0a2 2 0 0 0-2 2v2h1.5V2a.5.5 0 0 1 .5-.5h2V0H2Zm2 10.5H2a.5.5 0 0 1-.5-.5V8H0v2a2 2 0 0 0 2 2h2v-1.5ZM8 12v-1.5h2a.5.5 0 0 0 .5-.5V8H12v2a2 2 0 0 1-2 2H8Zm2-12a2 2 0 0 1 2 2v2h-1.5V2a.5.5 0 0 0-.5-.5H8V0h2Z\" \/>\n\t\t\t<\/svg>\n\t\t<\/button><\/figure>\n<\/figure>\n","protected":false},"excerpt":{"rendered":"<p>La construcci\u00f3n de una Casa Hermandad hab\u00eda constituido durante las \u00faltimas d\u00e9cadas un permanente anhelo en el seno de nuestra Corporaci\u00f3n. Tras conseguir la cesi\u00f3n por parte del Ayuntamiento de Burguillos de un solar en la calle Virgen de la Fuentecilla, el 1 de junio de 2003, enmarcada por la Procesi\u00f3n Extraordinaria conmemorativa del A\u00f1o [&hellip;]<\/p>\n","protected":false},"author":1,"featured_media":0,"parent":0,"menu_order":0,"comment_status":"closed","ping_status":"closed","template":"","meta":{"_themeisle_gutenberg_block_has_review":false,"footnotes":""},"class_list":["post-1613","page","type-page","status-publish","hentry"],"_links":{"self":[{"href":"https:\/\/www.hermandadrosarioburguillos.es\/index.php\/wp-json\/wp\/v2\/pages\/1613"}],"collection":[{"href":"https:\/\/www.hermandadrosarioburguillos.es\/index.php\/wp-json\/wp\/v2\/pages"}],"about":[{"href":"https:\/\/www.hermandadrosarioburguillos.es\/index.php\/wp-json\/wp\/v2\/types\/page"}],"author":[{"embeddable":true,"href":"https:\/\/www.hermandadrosarioburguillos.es\/index.php\/wp-json\/wp\/v2\/users\/1"}],"replies":[{"embeddable":true,"href":"https:\/\/www.hermandadrosarioburguillos.es\/index.php\/wp-json\/wp\/v2\/comments?post=1613"}],"version-history":[{"count":3,"href":"https:\/\/www.hermandadrosarioburguillos.es\/index.php\/wp-json\/wp\/v2\/pages\/1613\/revisions"}],"predecessor-version":[{"id":1761,"href":"https:\/\/www.hermandadrosarioburguillos.es\/index.php\/wp-json\/wp\/v2\/pages\/1613\/revisions\/1761"}],"wp:attachment":[{"href":"https:\/\/www.hermandadrosarioburguillos.es\/index.php\/wp-json\/wp\/v2\/media?parent=1613"}],"curies":[{"name":"wp","href":"https:\/\/api.w.org\/{rel}","templated":true}]}}