{"id":1306,"date":"2023-09-30T08:41:05","date_gmt":"2023-09-30T07:41:05","guid":{"rendered":"https:\/\/www.hermandadrosarioburguillos.es\/nueva\/?page_id=1306"},"modified":"2024-02-14T19:17:16","modified_gmt":"2024-02-14T18:17:16","slug":"ermita","status":"publish","type":"page","link":"https:\/\/www.hermandadrosarioburguillos.es\/index.php\/ermita\/","title":{"rendered":"La Ermita de Nuestra Se\u00f1ora del Rosario"},"content":{"rendered":"\n<figure data-wp-context=\"{&quot;uploadedSrc&quot;:&quot;https:\\\/\\\/www.hermandadrosarioburguillos.es\\\/wp-content\\\/uploads\\\/2024\\\/02\\\/Ermita-21-de-Enero-de-2006-2-scaled.jpg&quot;,&quot;figureClassNames&quot;:&quot;wp-block-image alignleft size-medium&quot;,&quot;figureStyles&quot;:null,&quot;imgClassNames&quot;:&quot;wp-image-1500&quot;,&quot;imgStyles&quot;:null,&quot;targetWidth&quot;:2560,&quot;targetHeight&quot;:1702,&quot;scaleAttr&quot;:false,&quot;ariaLabel&quot;:&quot;Ampliar la imagen&quot;,&quot;alt&quot;:&quot;&quot;}\" data-wp-interactive=\"core\/image\" class=\"wp-block-image alignleft size-medium wp-lightbox-container\"><img loading=\"lazy\" decoding=\"async\" width=\"300\" height=\"199\" data-wp-init=\"callbacks.setButtonStyles\" data-wp-on-async--click=\"actions.showLightbox\" data-wp-on-async--load=\"callbacks.setButtonStyles\" data-wp-on-async-window--resize=\"callbacks.setButtonStyles\" src=\"https:\/\/www.hermandadrosarioburguillos.es\/wp-content\/uploads\/2024\/02\/Ermita-21-de-Enero-de-2006-2-300x199.jpg\" alt=\"\" class=\"wp-image-1500\" srcset=\"https:\/\/www.hermandadrosarioburguillos.es\/wp-content\/uploads\/2024\/02\/Ermita-21-de-Enero-de-2006-2-300x199.jpg 300w, https:\/\/www.hermandadrosarioburguillos.es\/wp-content\/uploads\/2024\/02\/Ermita-21-de-Enero-de-2006-2-1024x681.jpg 1024w, https:\/\/www.hermandadrosarioburguillos.es\/wp-content\/uploads\/2024\/02\/Ermita-21-de-Enero-de-2006-2-768x511.jpg 768w, https:\/\/www.hermandadrosarioburguillos.es\/wp-content\/uploads\/2024\/02\/Ermita-21-de-Enero-de-2006-2-1536x1021.jpg 1536w, https:\/\/www.hermandadrosarioburguillos.es\/wp-content\/uploads\/2024\/02\/Ermita-21-de-Enero-de-2006-2-2048x1362.jpg 2048w\" sizes=\"(max-width: 300px) 100vw, 300px\" \/><button\n\t\t\tclass=\"lightbox-trigger\"\n\t\t\ttype=\"button\"\n\t\t\taria-haspopup=\"dialog\"\n\t\t\taria-label=\"Ampliar la imagen\"\n\t\t\tdata-wp-init=\"callbacks.initTriggerButton\"\n\t\t\tdata-wp-on-async--click=\"actions.showLightbox\"\n\t\t\tdata-wp-style--right=\"context.imageButtonRight\"\n\t\t\tdata-wp-style--top=\"context.imageButtonTop\"\n\t\t>\n\t\t\t<svg xmlns=\"http:\/\/www.w3.org\/2000\/svg\" width=\"12\" height=\"12\" fill=\"none\" viewBox=\"0 0 12 12\">\n\t\t\t\t<path fill=\"#fff\" d=\"M2 0a2 2 0 0 0-2 2v2h1.5V2a.5.5 0 0 1 .5-.5h2V0H2Zm2 10.5H2a.5.5 0 0 1-.5-.5V8H0v2a2 2 0 0 0 2 2h2v-1.5ZM8 12v-1.5h2a.5.5 0 0 0 .5-.5V8H12v2a2 2 0 0 1-2 2H8Zm2-12a2 2 0 0 1 2 2v2h-1.5V2a.5.5 0 0 0-.5-.5H8V0h2Z\" \/>\n\t\t\t<\/svg>\n\t\t<\/button><\/figure>\n\n\n\n<p>La ermita se encuentra en el paraje \u201cLa Madro\u00f1a\u201d, en las primeras estribaciones de la Sierra Morena, a unos 4 kms. del casco urbano de Burguillos, a la que se llega por el camino de Castilblanco de los Arroyos, y en la que cada domingo posterior al primer viernes del mes de octubre tiene lugar la tradicional Romer\u00eda en honor de nuestra amant\u00edsima titular.<\/p>\n\n\n\n<p>La Ermita de Nuestra Se\u00f1ora del Rosario es una obra que no podemos adjudicar su dise\u00f1o a una persona en concreto; es una realizaci\u00f3n conjunta del pueblo de Burguillos que arrim\u00f3 el hombro para su construcci\u00f3n, levant\u00e1ndose poco a poco, bajo la direcci\u00f3n en un primer momento de Rafael Mu\u00f1iz Fern\u00e1ndez y Abelardo Guti\u00e9rrez Rosa, a los que posteriormente se les uni\u00f3 Antonio Ruiz Garc\u00eda.<\/p>\n\n\n\n<figure data-wp-context=\"{&quot;uploadedSrc&quot;:&quot;https:\\\/\\\/www.hermandadrosarioburguillos.es\\\/wp-content\\\/uploads\\\/2024\\\/02\\\/Ermita-21-de-Enero-de-2006-4-300x199.jpg&quot;,&quot;figureClassNames&quot;:&quot;wp-block-image alignright size-large&quot;,&quot;figureStyles&quot;:null,&quot;imgClassNames&quot;:null,&quot;imgStyles&quot;:null,&quot;targetWidth&quot;:&quot;none&quot;,&quot;targetHeight&quot;:&quot;none&quot;,&quot;scaleAttr&quot;:false,&quot;ariaLabel&quot;:&quot;Ampliar la imagen&quot;,&quot;alt&quot;:&quot;&quot;}\" data-wp-interactive=\"core\/image\" class=\"wp-block-image alignright size-large wp-lightbox-container\"><img decoding=\"async\" data-wp-init=\"callbacks.setButtonStyles\" data-wp-on-async--click=\"actions.showLightbox\" data-wp-on-async--load=\"callbacks.setButtonStyles\" data-wp-on-async-window--resize=\"callbacks.setButtonStyles\" src=\"https:\/\/www.hermandadrosarioburguillos.es\/wp-content\/uploads\/2024\/02\/Ermita-21-de-Enero-de-2006-4-300x199.jpg\" alt=\"\"\/><button\n\t\t\tclass=\"lightbox-trigger\"\n\t\t\ttype=\"button\"\n\t\t\taria-haspopup=\"dialog\"\n\t\t\taria-label=\"Ampliar la imagen\"\n\t\t\tdata-wp-init=\"callbacks.initTriggerButton\"\n\t\t\tdata-wp-on-async--click=\"actions.showLightbox\"\n\t\t\tdata-wp-style--right=\"context.imageButtonRight\"\n\t\t\tdata-wp-style--top=\"context.imageButtonTop\"\n\t\t>\n\t\t\t<svg xmlns=\"http:\/\/www.w3.org\/2000\/svg\" width=\"12\" height=\"12\" fill=\"none\" viewBox=\"0 0 12 12\">\n\t\t\t\t<path fill=\"#fff\" d=\"M2 0a2 2 0 0 0-2 2v2h1.5V2a.5.5 0 0 1 .5-.5h2V0H2Zm2 10.5H2a.5.5 0 0 1-.5-.5V8H0v2a2 2 0 0 0 2 2h2v-1.5ZM8 12v-1.5h2a.5.5 0 0 0 .5-.5V8H12v2a2 2 0 0 1-2 2H8Zm2-12a2 2 0 0 1 2 2v2h-1.5V2a.5.5 0 0 0-.5-.5H8V0h2Z\" \/>\n\t\t\t<\/svg>\n\t\t<\/button><\/figure>\n\n\n\n<p>La obra se inici\u00f3 en 1983, cuando se eligi\u00f3 el paraje de La Madro\u00f1a, tras cuarenta a\u00f1os de celebraci\u00f3n de la romer\u00eda en el paraje de \u201cEl Coto\u201d, en terrenos cedidos por el Ayuntamiento, siendo costeada la obra con donativos de los devotos que se prolongar\u00edan hasta 1991, a\u00f1o en que fue bendecida el 12 de mayo por Monse\u00f1or Don Miguel Oliver Rom\u00e1n, por entonces, can\u00f3nigo magistral de la Catedral Hispalense y Secretario General del Congreso Eucar\u00edstico Internacional de Sevilla de 1993.<\/p>\n\n\n\n<p>La peque\u00f1a ermita, presenta fachada plana precedida de un peque\u00f1o <em>n\u00e1rtex<\/em>, elevada sobre un <em>podium<\/em> de cuatro escalones para salvar el desnivel del terreno, con una gran puerta que permite que las celebraciones lit\u00fargicas puedan ser seguidas desde la explanada que se desarrolla ante la ermita. Sobre dicha puerta podemos contemplar un azulejo de Nuestra Se\u00f1ora del Rosario, que preside la fachada, la cual se remata por una sencilla cornisa, decorada con pi\u00f1as, sobre la cual se desarrolla la espada\u00f1a de un vano, y rematada por una cruz de forja.<\/p>\n\n\n\n<figure data-wp-context=\"{&quot;uploadedSrc&quot;:&quot;https:\\\/\\\/www.hermandadrosarioburguillos.es\\\/wp-content\\\/uploads\\\/2024\\\/02\\\/Ermita-21-de-Enero-de-2006-199x300.jpg&quot;,&quot;figureClassNames&quot;:&quot;wp-block-image alignleft size-large&quot;,&quot;figureStyles&quot;:null,&quot;imgClassNames&quot;:null,&quot;imgStyles&quot;:null,&quot;targetWidth&quot;:&quot;none&quot;,&quot;targetHeight&quot;:&quot;none&quot;,&quot;scaleAttr&quot;:false,&quot;ariaLabel&quot;:&quot;Ampliar la imagen&quot;,&quot;alt&quot;:&quot;&quot;}\" data-wp-interactive=\"core\/image\" class=\"wp-block-image alignleft size-large wp-lightbox-container\"><img decoding=\"async\" data-wp-init=\"callbacks.setButtonStyles\" data-wp-on-async--click=\"actions.showLightbox\" data-wp-on-async--load=\"callbacks.setButtonStyles\" data-wp-on-async-window--resize=\"callbacks.setButtonStyles\" src=\"https:\/\/www.hermandadrosarioburguillos.es\/wp-content\/uploads\/2024\/02\/Ermita-21-de-Enero-de-2006-199x300.jpg\" alt=\"\"\/><button\n\t\t\tclass=\"lightbox-trigger\"\n\t\t\ttype=\"button\"\n\t\t\taria-haspopup=\"dialog\"\n\t\t\taria-label=\"Ampliar la imagen\"\n\t\t\tdata-wp-init=\"callbacks.initTriggerButton\"\n\t\t\tdata-wp-on-async--click=\"actions.showLightbox\"\n\t\t\tdata-wp-style--right=\"context.imageButtonRight\"\n\t\t\tdata-wp-style--top=\"context.imageButtonTop\"\n\t\t>\n\t\t\t<svg xmlns=\"http:\/\/www.w3.org\/2000\/svg\" width=\"12\" height=\"12\" fill=\"none\" viewBox=\"0 0 12 12\">\n\t\t\t\t<path fill=\"#fff\" d=\"M2 0a2 2 0 0 0-2 2v2h1.5V2a.5.5 0 0 1 .5-.5h2V0H2Zm2 10.5H2a.5.5 0 0 1-.5-.5V8H0v2a2 2 0 0 0 2 2h2v-1.5ZM8 12v-1.5h2a.5.5 0 0 0 .5-.5V8H12v2a2 2 0 0 1-2 2H8Zm2-12a2 2 0 0 1 2 2v2h-1.5V2a.5.5 0 0 0-.5-.5H8V0h2Z\" \/>\n\t\t\t<\/svg>\n\t\t<\/button><\/figure>\n\n\n\n<p>Su interior aparece presidido por una pintura de Nuestra Se\u00f1ora del Rosario, obra del pintor sevillano Rafael Rodr\u00edguez Hern\u00e1ndez, del a\u00f1o 1991, en la que se presenta a la Patrona de Burguillos, con lo mejor de su ajuar, en el momento de la ejecuci\u00f3n pict\u00f3rica. Rafael Rodr\u00edguez Hern\u00e1ndez es hijo primog\u00e9nito del que fuera genial pintor Rafael Blas Rodr\u00edguez S\u00e1nchez. Se form\u00f3 en una familia de artistas, siendo su hermano Juan Antonio tambi\u00e9n pintor. Rafael Rodr\u00edguez Hern\u00e1ndez colabor\u00f3 en los trabajos que su padre realiz\u00f3 para varias iglesias de la provincia de Sevilla, entre ellas las del presbiterio de San Juan de la Palma. A su temple se debe, junto a las de la Bas\u00edlica de la Macarena, la decoraci\u00f3n mural de los templos de las Hermandades de Los Negritos y las Mercedes de Santa Genoveva.<\/p>\n\n\n\n<p>En planta, la ermita presenta una \u00fanica nave cubierta a dos aguas, de la que sobresale el presbiterio, a modo de \u00e1bside semicircular, con dos \u00f3culos en los laterales.<\/p>\n\n\n\n<p>En definitiva una construcci\u00f3n muy sencilla, conjugando el lenguaje popular con el contempor\u00e1neo, que le da a la edificaci\u00f3n un gran inter\u00e9s, aunando tradici\u00f3n y modernidad en este peque\u00f1o pero magn\u00edfico ejercicio de composici\u00f3n arquitect\u00f3nica.<\/p>\n","protected":false},"excerpt":{"rendered":"<p>La ermita se encuentra en el paraje \u201cLa Madro\u00f1a\u201d, en las primeras estribaciones de la Sierra Morena, a unos 4 kms. del casco urbano de Burguillos, a la que se llega por el camino de Castilblanco de los Arroyos, y en la que cada domingo posterior al primer viernes del mes de octubre tiene lugar [&hellip;]<\/p>\n","protected":false},"author":1,"featured_media":0,"parent":0,"menu_order":0,"comment_status":"closed","ping_status":"closed","template":"","meta":{"_themeisle_gutenberg_block_has_review":false,"footnotes":""},"class_list":["post-1306","page","type-page","status-publish","hentry"],"_links":{"self":[{"href":"https:\/\/www.hermandadrosarioburguillos.es\/index.php\/wp-json\/wp\/v2\/pages\/1306"}],"collection":[{"href":"https:\/\/www.hermandadrosarioburguillos.es\/index.php\/wp-json\/wp\/v2\/pages"}],"about":[{"href":"https:\/\/www.hermandadrosarioburguillos.es\/index.php\/wp-json\/wp\/v2\/types\/page"}],"author":[{"embeddable":true,"href":"https:\/\/www.hermandadrosarioburguillos.es\/index.php\/wp-json\/wp\/v2\/users\/1"}],"replies":[{"embeddable":true,"href":"https:\/\/www.hermandadrosarioburguillos.es\/index.php\/wp-json\/wp\/v2\/comments?post=1306"}],"version-history":[{"count":10,"href":"https:\/\/www.hermandadrosarioburguillos.es\/index.php\/wp-json\/wp\/v2\/pages\/1306\/revisions"}],"predecessor-version":[{"id":1857,"href":"https:\/\/www.hermandadrosarioburguillos.es\/index.php\/wp-json\/wp\/v2\/pages\/1306\/revisions\/1857"}],"wp:attachment":[{"href":"https:\/\/www.hermandadrosarioburguillos.es\/index.php\/wp-json\/wp\/v2\/media?parent=1306"}],"curies":[{"name":"wp","href":"https:\/\/api.w.org\/{rel}","templated":true}]}}

La Ermita de Nuestra Señora del Rosario

<figure data-wp-context="{&quot;uploadedSrc&quot;:&quot;https:\/\/www.hermandadrosarioburguillos.es\/wp-content\/uploads\/2024\/02\/Ermita-21-de-Enero-de-2006-2-scaled.jpg&quot;,&quot;figureClassNames&quot;:&quot;wp-block-image alignleft size-medium&quot;,&quot;figureStyles&quot;:null,&quot;imgClassNames&quot;:&quot;wp-image-1500&quot;,&quot;imgStyles&quot;:null,&quot;targetWidth&quot;:2560,&quot;targetHeight&quot;:1702,&quot;scaleAttr&quot;:false,&quot;ariaLabel&quot;:&quot;Ampliar la imagen&quot;,&quot;alt&quot;:&quot;&quot;}" data-wp-interactive="core/image" class="wp-block-image alignleft size-medium wp-lightbox-container"><img loading="lazy" decoding="async" width="300" height="199" data-wp-init="callbacks.setButtonStyles" data-wp-on-async--click="actions.showLightbox" data-wp-on-async--load="callbacks.setButtonStyles" data-wp-on-async-window--resize="callbacks.setButtonStyles" src="https://www.hermandadrosarioburguillos.es/wp-content/uploads/2024/02/Ermita-21-de-Enero-de-2006-2-300x199.jpg" alt="" class="wp-image-1500" srcset="https://www.hermandadrosarioburguillos.es/wp-content/uploads/2024/02/Ermita-21-de-Enero-de-2006-2-300x199.jpg 300w, https://www.hermandadrosarioburguillos.es/wp-content/uploads/2024/02/Ermita-21-de-Enero-de-2006-2-1024x681.jpg 1024w, https://www.hermandadrosarioburguillos.es/wp-content/uploads/2024/02/Ermita-21-de-Enero-de-2006-2-768x511.jpg 768w, https://www.hermandadrosarioburguillos.es/wp-content/uploads/2024/02/Ermita-21-de-Enero-de-2006-2-1536x1021.jpg 1536w, https://www.hermandadrosarioburguillos.es/wp-content/uploads/2024/02/Ermita-21-de-Enero-de-2006-2-2048x1362.jpg 2048w" sizes="(max-width: 300px) 100vw, 300px" /><button
			class="lightbox-trigger"
			type="button"
			aria-haspopup="dialog"
			aria-label="Ampliar la imagen"
			data-wp-init="callbacks.initTriggerButton"
			data-wp-on-async--click="actions.showLightbox"
			data-wp-style--right="context.imageButtonRight"
			data-wp-style--top="context.imageButtonTop"
		>
			<svg xmlns="http://www.w3.org/2000/svg" width="12" height="12" fill="none" viewBox="0 0 12 12">
				<path fill="#fff" d="M2 0a2 2 0 0 0-2 2v2h1.5V2a.5.5 0 0 1 .5-.5h2V0H2Zm2 10.5H2a.5.5 0 0 1-.5-.5V8H0v2a2 2 0 0 0 2 2h2v-1.5ZM8 12v-1.5h2a.5.5 0 0 0 .5-.5V8H12v2a2 2 0 0 1-2 2H8Zm2-12a2 2 0 0 1 2 2v2h-1.5V2a.5.5 0 0 0-.5-.5H8V0h2Z" />
			</svg>
		</button></figure>



<p>La ermita se encuentra en el paraje “La Madroña”, en las primeras estribaciones de la Sierra Morena, a unos 4 kms. del casco urbano de Burguillos, a la que se llega por el camino de Castilblanco de los Arroyos, y en la que cada domingo posterior al primer viernes del mes de octubre tiene lugar la tradicional Romería en honor de nuestra amantísima titular.</p>



<p>La Ermita de Nuestra Señora del Rosario es una obra que no podemos adjudicar su diseño a una persona en concreto; es una realización conjunta del pueblo de Burguillos que arrimó el hombro para su construcción, levantándose poco a poco, bajo la dirección en un primer momento de Rafael Muñiz Fernández y Abelardo Gutiérrez Rosa, a los que posteriormente se les unió Antonio Ruiz García.</p>



<figure data-wp-context="{&quot;uploadedSrc&quot;:&quot;https:\/\/www.hermandadrosarioburguillos.es\/wp-content\/uploads\/2024\/02\/Ermita-21-de-Enero-de-2006-4-300x199.jpg&quot;,&quot;figureClassNames&quot;:&quot;wp-block-image alignright size-large&quot;,&quot;figureStyles&quot;:null,&quot;imgClassNames&quot;:null,&quot;imgStyles&quot;:null,&quot;targetWidth&quot;:&quot;none&quot;,&quot;targetHeight&quot;:&quot;none&quot;,&quot;scaleAttr&quot;:false,&quot;ariaLabel&quot;:&quot;Ampliar la imagen&quot;,&quot;alt&quot;:&quot;&quot;}" data-wp-interactive="core/image" class="wp-block-image alignright size-large wp-lightbox-container"><img decoding="async" data-wp-init="callbacks.setButtonStyles" data-wp-on-async--click="actions.showLightbox" data-wp-on-async--load="callbacks.setButtonStyles" data-wp-on-async-window--resize="callbacks.setButtonStyles" src="https://www.hermandadrosarioburguillos.es/wp-content/uploads/2024/02/Ermita-21-de-Enero-de-2006-4-300x199.jpg" alt=""/><button
			class="lightbox-trigger"
			type="button"
			aria-haspopup="dialog"
			aria-label="Ampliar la imagen"
			data-wp-init="callbacks.initTriggerButton"
			data-wp-on-async--click="actions.showLightbox"
			data-wp-style--right="context.imageButtonRight"
			data-wp-style--top="context.imageButtonTop"
		>
			<svg xmlns="http://www.w3.org/2000/svg" width="12" height="12" fill="none" viewBox="0 0 12 12">
				<path fill="#fff" d="M2 0a2 2 0 0 0-2 2v2h1.5V2a.5.5 0 0 1 .5-.5h2V0H2Zm2 10.5H2a.5.5 0 0 1-.5-.5V8H0v2a2 2 0 0 0 2 2h2v-1.5ZM8 12v-1.5h2a.5.5 0 0 0 .5-.5V8H12v2a2 2 0 0 1-2 2H8Zm2-12a2 2 0 0 1 2 2v2h-1.5V2a.5.5 0 0 0-.5-.5H8V0h2Z" />
			</svg>
		</button></figure>



<p>La obra se inició en 1983, cuando se eligió el paraje de La Madroña, tras cuarenta años de celebración de la romería en el paraje de “El Coto”, en terrenos cedidos por el Ayuntamiento, siendo costeada la obra con donativos de los devotos que se prolongarían hasta 1991, año en que fue bendecida el 12 de mayo por Monseñor Don Miguel Oliver Román, por entonces, canónigo magistral de la Catedral Hispalense y Secretario General del Congreso Eucarístico Internacional de Sevilla de 1993.</p>



<p>La pequeña ermita, presenta fachada plana precedida de un pequeño <em>nártex</em>, elevada sobre un <em>podium</em> de cuatro escalones para salvar el desnivel del terreno, con una gran puerta que permite que las celebraciones litúrgicas puedan ser seguidas desde la explanada que se desarrolla ante la ermita. Sobre dicha puerta podemos contemplar un azulejo de Nuestra Señora del Rosario, que preside la fachada, la cual se remata por una sencilla cornisa, decorada con piñas, sobre la cual se desarrolla la espadaña de un vano, y rematada por una cruz de forja.</p>



<figure data-wp-context="{&quot;uploadedSrc&quot;:&quot;https:\/\/www.hermandadrosarioburguillos.es\/wp-content\/uploads\/2024\/02\/Ermita-21-de-Enero-de-2006-199x300.jpg&quot;,&quot;figureClassNames&quot;:&quot;wp-block-image alignleft size-large&quot;,&quot;figureStyles&quot;:null,&quot;imgClassNames&quot;:null,&quot;imgStyles&quot;:null,&quot;targetWidth&quot;:&quot;none&quot;,&quot;targetHeight&quot;:&quot;none&quot;,&quot;scaleAttr&quot;:false,&quot;ariaLabel&quot;:&quot;Ampliar la imagen&quot;,&quot;alt&quot;:&quot;&quot;}" data-wp-interactive="core/image" class="wp-block-image alignleft size-large wp-lightbox-container"><img decoding="async" data-wp-init="callbacks.setButtonStyles" data-wp-on-async--click="actions.showLightbox" data-wp-on-async--load="callbacks.setButtonStyles" data-wp-on-async-window--resize="callbacks.setButtonStyles" src="https://www.hermandadrosarioburguillos.es/wp-content/uploads/2024/02/Ermita-21-de-Enero-de-2006-199x300.jpg" alt=""/><button
			class="lightbox-trigger"
			type="button"
			aria-haspopup="dialog"
			aria-label="Ampliar la imagen"
			data-wp-init="callbacks.initTriggerButton"
			data-wp-on-async--click="actions.showLightbox"
			data-wp-style--right="context.imageButtonRight"
			data-wp-style--top="context.imageButtonTop"
		>
			<svg xmlns="http://www.w3.org/2000/svg" width="12" height="12" fill="none" viewBox="0 0 12 12">
				<path fill="#fff" d="M2 0a2 2 0 0 0-2 2v2h1.5V2a.5.5 0 0 1 .5-.5h2V0H2Zm2 10.5H2a.5.5 0 0 1-.5-.5V8H0v2a2 2 0 0 0 2 2h2v-1.5ZM8 12v-1.5h2a.5.5 0 0 0 .5-.5V8H12v2a2 2 0 0 1-2 2H8Zm2-12a2 2 0 0 1 2 2v2h-1.5V2a.5.5 0 0 0-.5-.5H8V0h2Z" />
			</svg>
		</button></figure>



<p>Su interior aparece presidido por una pintura de Nuestra Señora del Rosario, obra del pintor sevillano Rafael Rodríguez Hernández, del año 1991, en la que se presenta a la Patrona de Burguillos, con lo mejor de su ajuar, en el momento de la ejecución pictórica. Rafael Rodríguez Hernández es hijo primogénito del que fuera genial pintor Rafael Blas Rodríguez Sánchez. Se formó en una familia de artistas, siendo su hermano Juan Antonio también pintor. Rafael Rodríguez Hernández colaboró en los trabajos que su padre realizó para varias iglesias de la provincia de Sevilla, entre ellas las del presbiterio de San Juan de la Palma. A su temple se debe, junto a las de la Basílica de la Macarena, la decoración mural de los templos de las Hermandades de Los Negritos y las Mercedes de Santa Genoveva.</p>



<p>En planta, la ermita presenta una única nave cubierta a dos aguas, de la que sobresale el presbiterio, a modo de ábside semicircular, con dos óculos en los laterales.</p>



<p>En definitiva una construcción muy sencilla, conjugando el lenguaje popular con el contemporáneo, que le da a la edificación un gran interés, aunando tradición y modernidad en este pequeño pero magnífico ejercicio de composición arquitectónica.</p>

<p>La ermita se encuentra en el paraje “La Madroña”, en las primeras estribaciones de la Sierra Morena, a unos 4 kms. del casco urbano de Burguillos, a la que se llega por el camino de Castilblanco de los Arroyos, y en la que cada domingo posterior al primer viernes del mes de octubre tiene lugar [&hellip;]</p>
