{"id":1202,"date":"2023-02-19T17:57:20","date_gmt":"2023-02-19T16:57:20","guid":{"rendered":"https:\/\/www.hermandadrosarioburguillos.es\/nueva\/?page_id=1202"},"modified":"2024-02-14T08:43:15","modified_gmt":"2024-02-14T07:43:15","slug":"el-coro-de-la-hermandad","status":"publish","type":"page","link":"https:\/\/www.hermandadrosarioburguillos.es\/index.php\/el-coro-de-la-hermandad\/","title":{"rendered":"El Coro de la Hermandad"},"content":{"rendered":"\n<figure class=\"wp-block-image alignleft size-large\"><img decoding=\"async\" src=\"https:\/\/hermandadrosarioburguillos.es\/wp-content\/uploads\/2023\/02\/coro2.jpg\" alt=\"\"\/><\/figure>\n\n\n\n<p>Coincidiendo con la incorporaci\u00f3n a la Junta de Gobierno de la Hermandad de un grupo de j\u00f3venes a mediados de la d\u00e9cada de los setenta del pasado siglo, comienza a germinar la idea de fundar un coro flamenco para cantarle a la Virgen en sus cultos anuales. Quiz\u00e1 como precedente de este embri\u00f3n haya que referirse a la labor que la maestra nacional D\u00aa Maruja V\u00edlches Trujillo ejerc\u00eda por esa \u00e9poca en Burguillos. Efectivamente, esta inquieta profesora, y cofrade sevillana de pro, gustaba de organizar a sus alumnos alrededor de la Patrona y all\u00ed ensayaban improvisadas coplas de amor a la Se\u00f1ora. Lo cierto es que en 1978 ya se recoge en el Programa de las Fiestas la participaci\u00f3n en la Funci\u00f3n Principal del coro del grupo juvenil de Burguillos. Formaci\u00f3n que en 1979 pasa a denominarse, integrada totalmente en la Hermandad , <em>\u00abgrupo de cantores de la Virgen del Rosario\u00bb<\/em>. Desde entonces hasta hoy mucho ya llovido y muchas han sido las canciones que nuestro Coro ha dedicado a la Virgen, participando ininterrumpidamente durante estos cinco lustros largos en la totalidad de los cultos organizados por la Hermandad. Tambi\u00e9n ha participado con gran \u00e9xito en los Festivales ben\u00e9ficos que se han venido organizando por la Junta de Gobierno y el Grupo Joven, as\u00ed como ha colaborado con otras instituciones propias del pueblo (Ayuntamiento, Parroquia y Hermandad de San Crist\u00f3bal) y de localidades cercanas (Hermandad del Roc\u00edo de Olivares, Hermandad del Carmen de Esquivel, Hermandades de Escardiel y San Benito de Castilblanco de los Arroyos) cuando ha sido requerida su ayuda. Innumerables han sido los hermanos j\u00f3venes que han puesto su granito de arena como miembros de nuestro coro, baste citar aqu\u00ed a los directores como homenaje a todos ellos: N.H.D. Manuel P\u00e9rez Alvarez, N.H.D. Juan Carlos P\u00e9rez Godoy, N.H.D. Rosario P\u00e9rez Godoy, N.H.D. Jos\u00e9 Carlos Garc\u00eda Rocha, N.H.D. Manuel Jes\u00fas P\u00e9rez Godoy, Juan Mozo, N.H.D. Manuel Ma\u00f1ero Fern\u00e1ndez y N.H.D. Manuel Fern\u00e1ndez Sol\u00eds. En estos m\u00e1s de veinticinco a\u00f1os cant\u00e1ndole a la Virgen han sido bastantes las sevillanas y plegarias de cosecha propia del coro las que han quedado prendidas en nuestra memoria: por ejemplo, aquellas sevillanas de la Ermita, compuestas por D. Manuel P\u00e9rez Gonz\u00e1lez, <em>\u00abLa primera vez\u00bb<\/em>, dedicada por N.H.D. Manuel Jes\u00fas P\u00e9rez Godoy a la Bendici\u00f3n de la serrana capilla, <em>\u00abVaya un ejemplo de Amor\u00bb<\/em>, homenaje a la Camarera de la Virgen D\u00aa Mar\u00eda P\u00e9rez Sol\u00eds compuesta por N.H.D. Jos\u00e9 Carlos Garc\u00eda Rocha, <em>\u00abRosario\u00bb<\/em>, debida a N.H.D. Andr\u00e9s P\u00e9rez Guerra, y, finalmente, <em>\u00abCoronaci\u00f3n de Amor\u00bb<\/em>, anuncio emocionado de lo que ha de venir y obra de N.H.D. Manuel Fern\u00e1ndez Sol\u00eds.<\/p>\n\n\n\n<figure class=\"wp-block-image alignright size-large\"><img decoding=\"async\" src=\"https:\/\/hermandadrosarioburguillos.es\/wp-content\/uploads\/2023\/02\/coro1.jpg\" alt=\"\"\/><\/figure>\n\n\n\n<p>Ser\u00eda imperdonable al referirnos al Coro no mencionar a su integrante m\u00e1s veterana, N.H.D. Dolores Diaz Guerra, que aparte de esto, desde hace a\u00f1os realiza una labor encomiable con los m\u00e1s ni\u00f1os, a los que van enganchando para la causa a trav\u00e9s de sus entra\u00f1ables coros infantiles, con los que participa en algunos d\u00edas de la Novena y en todas las celebraciones religiosas de la Parroquia.<\/p>\n","protected":false},"excerpt":{"rendered":"<p>Coincidiendo con la incorporaci\u00f3n a la Junta de Gobierno de la Hermandad de un grupo de j\u00f3venes a mediados de la d\u00e9cada de los setenta del pasado siglo, comienza a germinar la idea de fundar un coro flamenco para cantarle a la Virgen en sus cultos anuales. Quiz\u00e1 como precedente de este embri\u00f3n haya que [&hellip;]<\/p>\n","protected":false},"author":1,"featured_media":0,"parent":0,"menu_order":0,"comment_status":"closed","ping_status":"closed","template":"","meta":{"_themeisle_gutenberg_block_has_review":false,"footnotes":""},"class_list":["post-1202","page","type-page","status-publish","hentry"],"_links":{"self":[{"href":"https:\/\/www.hermandadrosarioburguillos.es\/index.php\/wp-json\/wp\/v2\/pages\/1202"}],"collection":[{"href":"https:\/\/www.hermandadrosarioburguillos.es\/index.php\/wp-json\/wp\/v2\/pages"}],"about":[{"href":"https:\/\/www.hermandadrosarioburguillos.es\/index.php\/wp-json\/wp\/v2\/types\/page"}],"author":[{"embeddable":true,"href":"https:\/\/www.hermandadrosarioburguillos.es\/index.php\/wp-json\/wp\/v2\/users\/1"}],"replies":[{"embeddable":true,"href":"https:\/\/www.hermandadrosarioburguillos.es\/index.php\/wp-json\/wp\/v2\/comments?post=1202"}],"version-history":[{"count":6,"href":"https:\/\/www.hermandadrosarioburguillos.es\/index.php\/wp-json\/wp\/v2\/pages\/1202\/revisions"}],"predecessor-version":[{"id":1800,"href":"https:\/\/www.hermandadrosarioburguillos.es\/index.php\/wp-json\/wp\/v2\/pages\/1202\/revisions\/1800"}],"wp:attachment":[{"href":"https:\/\/www.hermandadrosarioburguillos.es\/index.php\/wp-json\/wp\/v2\/media?parent=1202"}],"curies":[{"name":"wp","href":"https:\/\/api.w.org\/{rel}","templated":true}]}}